 remainder when 120 is divided by q.
59
Suppose -3*f + 3*t + 66 = 0, 5*f + t = 4*t + 102. Suppose 2*a - f = 20. Calculate the remainder when 36 is divided by a.
17
Let f = 1 + 17. Let k = -1 + -11. Calculate the remainder when 418/8 - (-3)/k is divided by f.
16
Suppose 0 = 3*q - 72 - 36. Calculate the remainder when q is divided by 14.
8
Let g = -10 + 25. Suppose -q + 5*n = 2*n - 45, 48 = q - 2*n. Suppose -135 = -5*o + 5*f, -3*o + o - 2*f + q = 0. What is the remainder when o is divided by g?
12
Suppose 0 = -5*b + q + 3*q + 132, 0 = b - 4*q - 20. What is the remainder when 81 is divided by b?
25
Suppose o - 18 = 4*o. Suppose 0 = t + 4*n - 6, 0 = 6*n - n + 15. Let m = o + t. What is the remainder when 35 is divided by m?
11
Let s(x) = -4*x - 2. Suppose p = -5*n - 4*p + 65, 2*n - 3*p = 1. What is the remainder when s(-4) is divided by n?
6
Suppose 0 = 4*m - 0*u + 5*u - 76, -2*m + 8 = -5*u. What is the remainder when 54 is divided by m?
12
Suppose -4*n + 30 = -n. Suppose -35 = g - n. Calculate the remainder when 45 is divided by (1 - g) + (-6)/2.
22
Suppose -4*t + 46 = 10. Calculate the remainder when 53 is divided by t.
8
Let l = 3 + -7. Let z(f) = f**3 + 9*f**2 - 12*f - 6. Let g be z(-10). Let w = l + g. What is the remainder when w is divided by 6?
4
Let r = -102 + 189. Calculate the remainder when r is divided by 18.
15
Let r(b) = -b**2 - 7*b + 3. Calculate the remainder when 17 is divided by r(-6).
8
Let x(b) = -b + 1. Let j be x(1). Suppose 105 = 3*r - j*r. Calculate the remainder when r is divided by 12.
11
Let v(n) = n + 4. Let q be v(0). Suppose 0 = -5*b - h + 79, -b + 9*h - 5 = q*h. Calculate the remainder when 29 is divided by b.
14
Suppose 635 = 9*t + 14. What is the remainder when t is divided by ((-1)/2)/(2/(-72))?
15
Suppose -3*i - 2*b = -110, 2*b = -i - 4*i + 186. Let f = i + -24. What is the remainder when 41 is divided by f?
13
Let f = 143 + -86. What is the remainder when f is divided by 140/(-49)*(-8 - (0 + -1))?
17
Calculate the remainder when 19 is divided by 2 + 5 + -2 - 0.
4
What is the remainder when 142 is divided by 66/2 - (8 - 24/6)?
26
Let h = -18 - -12. Calculate the remainder when 14 is divided by -3*(8/h + 0).
2
Let y = -26 - -44. Let g(u) = 3*u**2 - u. Let l be g(-1). Suppose l*i - 175 = -i. Calculate the remainder when i is divided by y.
17
Suppose 3*t - 26 = -2. What is the remainder when t is divided by 6?
2
Let b(p) = -6*p - 3. Calculate the remainder when b(-8) is divided by 16.
13
Let w(q) = 6*q**2 + 2*q - 4. What is the remainder when w(2) is divided by 14?
10
Suppose 342 = 2*z + 5*d, 28 = -5*z + d + 829. Let w = z - 109. Let h(g) = -18*g**3 - g - 1. What is the remainder when w is divided by h(-1)?
16
Suppose 4*m - m - 9 = 0. What is the remainder when 4/6 - (-49)/m is divided by 6?
5
Suppose 0 = 2*j - 4*j + 56. Let z(l) = -6*l**3 - 1. Let n be z(-1). Calculate the remainder when j is divided by n*(-6)/(-15) + 8.
8
Suppose -5*m + 56 = 4*c, -4*c = -2*m - 28 - 56. Suppose -5*f + 22 = -3. What is the remainder when c is divided by f?
4
Suppose -150 = -18*w + 15*w. Calculate the remainder when w is divided by 27.
23
Let d(f) = 7*f**2 + 18*f + 13. Let s(c) = -3*c**2 - 9*c - 6. Let g(j) = -2*d(j) - 5*s(j). What is the remainder when 10 is divided by g(-9)?
2
Let u = -370 + 595. What is the remainder when u/21 + (-2)/(-7) is divided by (-17 - 672/(-40)) + 62/10?
5
Suppose -3*x - 2*x + y + 11 = 0, 5*y = 20. What is the remainder when 49 is divided by x?
1
Let c(f) = -3*f + 1. Let i be c(-5). Suppose 4*a = l - 4*l + 85, 0 = -4*a + i. Calculate the remainder when 67 is divided by l.
21
Suppose -47 = -k - 17. Let l = k + -21. What is the remainder when ((-15)/9)/((-1)/15) is divided by l?
7
Let f(g) = 2*g - 10. Calculate the remainder when 8 is divided by f(7).
0
Let p = 85 + -61. Calculate the remainder when 71 is divided by p.
23
Let o(f) = f**2 + 2*f - 40. Suppose 2*z - 24 = 36. What is the remainder when z is divided by o(6)?
6
Suppose -z + 2 = -4. What is the remainder when z is divided by 3?
0
Let c = -44 - -101. Calculate the remainder when c is divided by (-280)/(-49)*(-7)/(-2).
17
Calculate the remainder when 45 is divided by ((-54)/2 + -1)/(0 - 2).
3
Suppose 5*g = -2*b + 19, -5*g + 7 = -2*b - 2*b. What is the remainder when 27 + (3 - 2 - b) is divided by 1/(-3) - 56/(-6)?
8
Let f(z) = -4*z - 22. Suppose 3*q - 5*q + 8 = 0. Let x = q - -4. Calculate the remainder when f(-9) is divided by x.
6
Suppose 3*k - 8 = -k + 3*d, k = -4*d + 21. What is the remainder when 26 is divided by k?
1
Let b be (-16)/(-2) + 12/(-3). Suppose 2*n = b*n - 134. What is the remainder when n is divided by 14?
11
Let y(b) be the third derivative of -13*b**4/24 + b**3/6 + 3*b**2. What is the remainder when 25 is divided by y(-1)?
11
Suppose -3*s + 118 = -t, 2 - 48 = -s - t. Suppose 50 = 4*y + 2*i, 4*y - 48 = -5*i - 7. What is the remainder when s is divided by y?
13
Suppose -1 - 27 = -v + 4*f, -95 = -5*v + 5*f. Suppose 4*u = 98 + 86. Calculate the remainder when u is divided by v.
14
Suppose -b - 4*m + 8 = 0, -3*m - 5 = -3*b + b. Suppose -5*z = -8*f + b*f - 118, 0 = -5*z - 5*f + 100. Calculate the remainder when 65 is divided by z.
21
Let x = -18 + 6. Let t(l) = l**2 + 5*l + 3. What is the remainder when 6/x + 11/2 is divided by t(-5)?
2
Suppose -4*x = 5*g + 1 + 4, -3*x + g = -1. Suppose x = -5*i + 80 + 15. Calculate the remainder when 73 is divided by i.
16
Let w(a) = a - 3. What is the remainder when 67 is divided by w(17)?
11
Let m be 0 - 2/4*4. Let x be -1 + 0 + 3 - m. Let g = x + 17. Calculate the remainder when g is divided by 12.
9
Let q(o) = 3*o**2 - o + 1. Calculate the remainder when ((-3 - 0) + -40)/(-1) is divided by q(-2).
13
Let p = 46 + -7. Let h(k) = -k + 8. Calculate the remainder when p is divided by h(-6).
11
Calculate the remainder when (-12)/(3 + 315/(-100)) is divided by 21.
17
Let t(i) = 2*i**2 + 15*i - 26. Calculate the remainder when t(-12) is divided by 43.
39
Let u = -94 - -115. What is the remainder when u is divided by 16?
5
Let u(t) = -t**2 - 10*t - 4. Suppose 0*r - 117 = -3*r. What is the remainder when r is divided by u(-4)?
19
Suppose 3 = m - 2, 5*w - 190 = m. Let v = w - 18. Calculate the remainder when v is divided by 6.
3
Calculate the remainder when 16 is divided by (-2)/1 - (-24)/(-4 - -6).
6
What is the remainder when 115 is divided by ((-29)/(-2))/(1/2)?
28
Let z(d) = d**2 - 6*d - 2. Suppose 3*w - 81 = -0*w. Suppose -4*u + w = -u. Calculate the remainder when u is divided by z(7).
4
Suppose 5*t - n + 5 = 16, -5*n = -t - 17. Suppose 0 = -l + 2, -g - 24 = -t*g - 5*l. What is the remainder when 19 is divided by g?
5
Let l(k) = k**2 + 2*k + 1. Suppose -3*c = -3*f, -2*f + c - 2 = 1. Calculate the remainder when 10 is divided by l(f).
2
Suppose -5*q - 135 = 4*n, 110 = -3*n - 5*q + 3*q. Let k be (-2)/6 - n/12. Calculate the remainder when 23 is divided by (12 - (3 - k))/1.
11
Calculate the remainder when ((-33)/6)/((-11)/440) is divided by 37.
35
Let h = -11 + 21. What is the remainder when 27 is divided by h?
7
Let z(v) = -2*v**3 - 2*v**2 + v - 17. Calculate the remainder when z(-5) is divided by 36.
34
Let a(l) = l + 2. Let t be a(-8). Calculate the remainder when 39 is divided by (-384)/(-36) + 4/t.
9
Let p(l) = -l. Let m be p(5). Let f(i) = i - 3*i - 9*i. What is the remainder when f(m) is divided by 19?
17
Suppose 141 - 6 = 5*x. Calculate the remainder when x is divided by 14.
13
Let g be (-8)/(-16)*(1 + -5) + 11. Suppose -m - 21 = -2*l + 6, 2*l + 2*m = 36. Let s = l - g. Calculate the remainder when s is divided by 2.
0
Let o = 82 - 56. Suppose 4*z - a = -3 + 44, 5*a - 15 = -2*z. Calculate the remainder when o is divided by z.
6
Let m = -1 + 1. Let x = m - -5. What is the remainder when 12/(-28) + (-104)/(-14) is divided by x?
2
Let u(r) be the second derivative of r**4/12 - r**3/6 + 2*r. Calculate the remainder when 21 is divided by u(4).
9
Suppose -3*l + 2*g = -77, 3*l - 53 = -7*g + 3*g. Let f be 10/4*l*2. Suppose -5*h = -5*t - f, -h - 3*h - 3*t = -71. What is the remainder when h is divided by 7?
6
Suppose -2*u + 71 = 69. Suppose -3*o + 5*o = 2. Calculate the remainder when o is divided by u.
0
Suppose 0 = -2*v - 6*w + 3*w + 65, -128 = -4*v - 4*w. Calculate the remainder when 122 is divided